{"id":23497,"date":"2026-01-09T14:25:21","date_gmt":"2026-01-09T14:25:21","guid":{"rendered":"https:\/\/www.4livinghome.com\/?post_type=product&#038;p=23497"},"modified":"2026-03-16T08:43:12","modified_gmt":"2026-03-16T08:43:12","slug":"komoda-abudhabi","status":"publish","type":"product","link":"https:\/\/www.4livinghome.com\/index.php\/product\/komoda-abudhabi\/","title":{"rendered":"Komoda Abu Dhabi"},"content":{"rendered":"<p>Komoda w stylu modern luxury to odwa\u017cna, elegancka forma, kt\u00f3ra natychmiast przyci\u0105ga wzrok. G\u0142\u0119boka, matowa czer\u0144 tworzy nowoczesn\u0105 bry\u0142\u0119, kt\u00f3r\u0105 prze\u0142amuje rze\u017abiarski panel w m\u0142otkowanym z\u0142ocie, wprowadzaj\u0105c spektakularny efekt i presti\u017cowy charakter. Przestronne wn\u0119trze kryje funkcjonaln\u0105 przestrze\u0144 do przechowywania, ukryt\u0105 za g\u0142adkimi frontami. Z\u0142ote, masywne uchwyty podkre\u015blaj\u0105 luksusowy charakter mebla, a mo\u017cliwo\u015b\u0107 monta\u017cu do \u015bciany gwarantuje stabilno\u015b\u0107 i bezpiecze\u0144stwo u\u017cytkowania. Komoda sprawdzi si\u0119 w eleganckich salonach, reprezentacyjnych korytarzach, jadalniach czy luksusowych przestrzeniach komercyjnych. To detal, kt\u00f3ry porz\u0105dkuje przestrze\u0144 i subtelnie buduje wra\u017cenie indywidualnego, presti\u017cowego stylu.<\/p>\n<p>Tworzona w Polsce, z dba\u0142o\u015bci\u0105 o detal i trwa\u0142o\u015b\u0107. To \u015bwiadomy wyb\u00f3r jako\u015bci i designu, kt\u00f3ry nie podlega chwilowym trendom.<\/p>\n<p>Komoda dostarczana jest w ca\u0142o\u015bci \u2013 gotowa do ustawienia od razu po wniesieniu \/ gotowa do monta\u017cu na \u015bcianie.<\/p>\n<hr \/>\n<h4>Wymiary:<\/h4>\n<p>Szeroko\u015b\u0107: 200 cm<br \/>\nG\u0142\u0119boko\u015b\u0107: 38 cm<br \/>\nWysoko\u015b\u0107: 95 cm *<\/p>\n<hr \/>\n<h4>Materia\u0142y:<\/h4>\n<p>Korpus i fronty: p\u0142yta laminowana 18 mm<br \/>\nZ\u0142oty laminat<br \/>\nObrze\u017ca: PCV 1 mm<br \/>\nDodatkowe mocowania do \u015bciany<\/p>\n<hr \/>\n<h4 data-start=\"1261\" data-end=\"1327\">Informacje:<\/h4>\n<p data-start=\"1208\" data-end=\"1254\">Produkt dost\u0119pny wy\u0142\u0105cznie w prezentowanej konfiguracji<br \/>\nProdukt mocowany do \u015bciany<br data-start=\"947\" data-end=\"950\" \/>Darmowa dostawa do pierwszych drzwi (bez wniesienia)<br data-start=\"947\" data-end=\"950\" \/>Gwarancja: 24 miesi\u0105ce<\/p>\n<hr data-start=\"1256\" data-end=\"1259\" \/>\n<p data-start=\"1261\" data-end=\"1327\">* Mo\u017cliwa r\u00f3\u017cnica \u00b12 cm<br data-start=\"947\" data-end=\"950\" \/>** Kolor mo\u017ce si\u0119 r\u00f3\u017cni\u0107 w zale\u017cno\u015bci od ustawie\u0144 monitora<\/p>\n<hr data-start=\"1256\" data-end=\"1259\" \/>\n<h4 data-start=\"1261\" data-end=\"1327\">Masz pytania? Skontaktuj si\u0119 z nami.<\/h4>\n","protected":false},"excerpt":{"rendered":"<p>Komoda Abu Dhabi \u2013 mebel o mocnym charakterze i presti\u017cowym wyko\u0144czeniu.<\/p>\n","protected":false},"featured_media":23498,"template":"","meta":{"inline_featured_image":false},"wpc-collection":[],"product_cat":[84,222,85,80,79,82],"product_tag":[299,220,213,219,224,105,301,122,273,278,201,257,231,125,126,120,127,131],"class_list":{"0":"post-23497","1":"product","2":"type-product","3":"status-publish","4":"has-post-thumbnail","6":"product_brand-abu-dhabi","7":"product_cat-gabinet","8":"product_cat-jadalnia","9":"product_cat-komody","10":"product_cat-przedpokoj","11":"product_cat-salon","12":"product_cat-sypialnia","13":"product_tag-abu-dhabi","14":"product_tag-biuro","15":"product_tag-dab","16":"product_tag-gabinet","17":"product_tag-jadalnia","18":"product_tag-komoda","19":"product_tag-komoda-abu-dhabi","20":"product_tag-komoda-rtv","21":"product_tag-meble-biurowe","22":"product_tag-meble-do-gabinetu","23":"product_tag-meble-do-salonu","24":"product_tag-meble-do-sypialni","25":"product_tag-pokoj-dzienny","26":"product_tag-polki","27":"product_tag-przechowywanie","28":"product_tag-salon","29":"product_tag-sypialnia","30":"product_tag-szafka","31":"product_shipping_class-wysylka-w-21-28-dni","33":"first","34":"instock","35":"taxable","36":"shipping-taxable","37":"purchasable","38":"product-type-simple"},"jetpack_sharing_enabled":true,"_links":{"self":[{"href":"https:\/\/www.4livinghome.com\/index.php\/wp-json\/wp\/v2\/product\/23497","targetHints":{"allow":["GET"]}}],"collection":[{"href":"https:\/\/www.4livinghome.com\/index.php\/wp-json\/wp\/v2\/product"}],"about":[{"href":"https:\/\/www.4livinghome.com\/index.php\/wp-json\/wp\/v2\/types\/product"}],"version-history":[{"count":8,"href":"https:\/\/www.4livinghome.com\/index.php\/wp-json\/wp\/v2\/product\/23497\/revisions"}],"predecessor-version":[{"id":24850,"href":"https:\/\/www.4livinghome.com\/index.php\/wp-json\/wp\/v2\/product\/23497\/revisions\/24850"}],"wp:featuredmedia":[{"embeddable":true,"href":"https:\/\/www.4livinghome.com\/index.php\/wp-json\/wp\/v2\/media\/23498"}],"wp:attachment":[{"href":"https:\/\/www.4livinghome.com\/index.php\/wp-json\/wp\/v2\/media?parent=23497"}],"wp:term":[{"taxonomy":"wpc-collection","embeddable":true,"href":"https:\/\/www.4livinghome.com\/index.php\/wp-json\/wp\/v2\/wpc-collection?post=23497"},{"taxonomy":"product_cat","embeddable":true,"href":"https:\/\/www.4livinghome.com\/index.php\/wp-json\/wp\/v2\/product_cat?post=23497"},{"taxonomy":"product_tag","embeddable":true,"href":"https:\/\/www.4livinghome.com\/index.php\/wp-json\/wp\/v2\/product_tag?post=23497"}],"curies":[{"name":"wp","href":"https:\/\/api.w.org\/{rel}","templated":true}]}}