{"id":23842,"date":"2026-02-04T09:48:35","date_gmt":"2026-02-04T09:48:35","guid":{"rendered":"https:\/\/www.4livinghome.com\/?post_type=product&#038;p=23842"},"modified":"2026-03-16T08:29:38","modified_gmt":"2026-03-16T08:29:38","slug":"szafa-paris","status":"publish","type":"product","link":"https:\/\/www.4livinghome.com\/index.php\/product\/szafa-paris\/","title":{"rendered":"Szafa Paris"},"content":{"rendered":"<p data-pm-slice=\"1 1 []\">Elegancka szafa premium z charakterystycznym ryflowanym frontem to po\u0142\u0105czenie wyrafinowanego designu i funkcjonalno\u015bci, idealne do nowoczesnych wn\u0119trz o podwy\u017cszonym standardzie. Jej minimalistyczna bry\u0142a oraz subtelne, z\u0142ote detale wprowadzaj\u0105 do przestrzeni klas\u0119, harmoni\u0119 i luksusowy charakter. Front zdobi pionowe ryflowanie, kt\u00f3re nadaje meblowi nowoczesn\u0105 struktur\u0119 i optyczn\u0105 lekko\u015b\u0107. Z\u0142oty, p\u00f3\u0142okr\u0105g\u0142y uchwyt dzia\u0142a jak jubilerski akcent \u2013 przyci\u0105ga uwag\u0119 i podkre\u015bla ekskluzywno\u015b\u0107 ca\u0142ej kolekcji. Stabilne, z\u0142ote nogi dodaj\u0105 projektowi elegancji, jednocze\u015bnie zapewniaj\u0105c pe\u0142n\u0105 funkcjonalno\u015b\u0107.Wn\u0119trze szafy mo\u017cesz dopasowa\u0107 do swoich potrzeb:<\/p>\n<ul>\n<li>wersja z dr\u0105\u017ckiem i szuflad\u0105 \u2013 idealna do przechowywania ubra\u0144 na wieszakach, p\u0142aszczy, sukienek i koszul,<\/li>\n<li>wersja z p\u00f3\u0142kami \u2013 doskona\u0142a na garderob\u0119 codzienn\u0105, tekstylia domowe, pude\u0142ka, akcesoria czy elementy dekoracyjne.<\/li>\n<\/ul>\n<p>Dzi\u0119ki temu szafa sprawdzi si\u0119 zar\u00f3wno w sypialni, garderobie, przedpokoju, jak i domowym gabinecie, dodaj\u0105c wn\u0119trzu sp\u00f3jnego, luksusowego charakteru. Wykonana z solidnej p\u0142yty laminowanej 18 mm, gwarantuje trwa\u0142o\u015b\u0107 i stabilno\u015b\u0107 przez lata. To mebel zaprojektowany dla os\u00f3b, kt\u00f3re ceni\u0105 estetyk\u0119, jako\u015b\u0107 i funkcjonalno\u015b\u0107 w wydaniu premium.<\/p>\n<p data-start=\"141\" data-end=\"392\">Tworzona w Polsce, z dba\u0142o\u015bci\u0105 o detal i jako\u015b\u0107. To \u015bwiadomy wyb\u00f3r designu, kt\u00f3ry nie podlega chwilowym trendom.<\/p>\n<p data-start=\"761\" data-end=\"840\">Szafa dostarczana jest w ca\u0142o\u015bci \u2013 gotowa do ustawienia od razu po wniesieniu.<\/p>\n<hr data-start=\"842\" data-end=\"845\" \/>\n<h4 data-start=\"1261\" data-end=\"1327\">Wymiary:<\/h4>\n<p data-start=\"904\" data-end=\"921\">Szeroko\u015b\u0107: 55 cm<br data-start=\"947\" data-end=\"950\" \/>G\u0142\u0119boko\u015b\u0107: 53 cm<br data-start=\"947\" data-end=\"950\" \/>Wysoko\u015b\u0107: 184 cm *<\/p>\n<hr data-start=\"1256\" data-end=\"1259\" \/>\n<h4 data-start=\"1261\" data-end=\"1327\">Materia\u0142y:<\/h4>\n<p>Korpus i fronty: p\u0142yta laminowana 18 mm (Kaszmir **)<br data-start=\"947\" data-end=\"950\" \/>Folia: PVC<br data-start=\"947\" data-end=\"950\" \/>Obrze\u017ce: PCV<br data-start=\"947\" data-end=\"950\" \/>Metalowe n\u00f3\u017cki w kolorze z\u0142ota: 17 cm<br data-start=\"947\" data-end=\"950\" \/>Szuflada z metalowymi bokami BLUM<\/p>\n<hr data-start=\"1256\" data-end=\"1259\" \/>\n<h4 data-start=\"1261\" data-end=\"1327\">Informacje:<\/h4>\n<p data-start=\"1208\" data-end=\"1254\">Produkt dost\u0119pny wy\u0142\u0105cznie w prezentowanej konfiguracji<br data-start=\"947\" data-end=\"950\" \/>Darmowa dostawa do pierwszych drzwi (bez wniesienia)<br data-start=\"947\" data-end=\"950\" \/>Gwarancja: 24 miesi\u0105ce<\/p>\n<hr data-start=\"1256\" data-end=\"1259\" \/>\n<p data-start=\"1261\" data-end=\"1327\">* Mo\u017cliwa r\u00f3\u017cnica \u00b12 cm<br data-start=\"947\" data-end=\"950\" \/>** Kolor mo\u017ce si\u0119 r\u00f3\u017cni\u0107 w zale\u017cno\u015bci od ustawie\u0144 monitora<\/p>\n<hr data-start=\"1256\" data-end=\"1259\" \/>\n<h4 data-start=\"1261\" data-end=\"1327\">Masz pytania? Skontaktuj si\u0119 z nami.<\/h4>\n","protected":false},"excerpt":{"rendered":"<p>Szafa Paris \u2013 mi\u0119kka estetyka inspirowana wsp\u00f3\u0142czesnym luksusem.<\/p>\n","protected":false},"featured_media":23845,"template":"","meta":{"inline_featured_image":false},"wpc-collection":[],"product_cat":[84,80,82,88],"product_tag":[220,219,128,267,253,268,201,257,265,123,127,107,271],"class_list":{"0":"post-23842","1":"product","2":"type-product","3":"status-publish","4":"has-post-thumbnail","6":"product_brand-paris","7":"product_cat-gabinet","8":"product_cat-przedpokoj","9":"product_cat-sypialnia","10":"product_cat-szafy","11":"product_tag-biuro","12":"product_tag-gabinet","13":"product_tag-garderoba","14":"product_tag-meble-do-garderoby","15":"product_tag-meble-do-jadalni","16":"product_tag-meble-do-przedpokoju","17":"product_tag-meble-do-salonu","18":"product_tag-meble-do-sypialni","19":"product_tag-paris","20":"product_tag-przedpokoj","21":"product_tag-sypialnia","22":"product_tag-szafa","23":"product_tag-szafa-paris","24":"product_shipping_class-wysylka-w-14-21-dni","25":"pa_szafa-opcje-szafa-z-drazkiem-bez-polek","26":"pa_szafa-opcje-szafa-z-polkami-bez-drazka","28":"first","29":"instock","30":"taxable","31":"shipping-taxable","32":"purchasable","33":"product-type-variable"},"jetpack_sharing_enabled":true,"_links":{"self":[{"href":"https:\/\/www.4livinghome.com\/index.php\/wp-json\/wp\/v2\/product\/23842","targetHints":{"allow":["GET"]}}],"collection":[{"href":"https:\/\/www.4livinghome.com\/index.php\/wp-json\/wp\/v2\/product"}],"about":[{"href":"https:\/\/www.4livinghome.com\/index.php\/wp-json\/wp\/v2\/types\/product"}],"version-history":[{"count":7,"href":"https:\/\/www.4livinghome.com\/index.php\/wp-json\/wp\/v2\/product\/23842\/revisions"}],"predecessor-version":[{"id":25133,"href":"https:\/\/www.4livinghome.com\/index.php\/wp-json\/wp\/v2\/product\/23842\/revisions\/25133"}],"wp:featuredmedia":[{"embeddable":true,"href":"https:\/\/www.4livinghome.com\/index.php\/wp-json\/wp\/v2\/media\/23845"}],"wp:attachment":[{"href":"https:\/\/www.4livinghome.com\/index.php\/wp-json\/wp\/v2\/media?parent=23842"}],"wp:term":[{"taxonomy":"wpc-collection","embeddable":true,"href":"https:\/\/www.4livinghome.com\/index.php\/wp-json\/wp\/v2\/wpc-collection?post=23842"},{"taxonomy":"product_cat","embeddable":true,"href":"https:\/\/www.4livinghome.com\/index.php\/wp-json\/wp\/v2\/product_cat?post=23842"},{"taxonomy":"product_tag","embeddable":true,"href":"https:\/\/www.4livinghome.com\/index.php\/wp-json\/wp\/v2\/product_tag?post=23842"}],"curies":[{"name":"wp","href":"https:\/\/api.w.org\/{rel}","templated":true}]}}