{"id":23975,"date":"2026-02-16T06:12:11","date_gmt":"2026-02-16T06:12:11","guid":{"rendered":"https:\/\/www.4livinghome.com\/?post_type=product&#038;p=23975"},"modified":"2026-03-16T18:34:16","modified_gmt":"2026-03-16T18:34:16","slug":"konsola-seoul","status":"publish","type":"product","link":"https:\/\/www.4livinghome.com\/index.php\/product\/konsola-seoul\/","title":{"rendered":"Konsola Seoul"},"content":{"rendered":"<p>Konsola wisz\u0105ca Seoul to nowoczesna forma zamkni\u0119ta w lekkiej, geometrycznej bryle. Zawieszona nad pod\u0142og\u0105 wprowadza do wn\u0119trza wizualn\u0105 lekko\u015b\u0107 i porz\u0105dek, podkre\u015blaj\u0105c spokojny, elegancki charakter aran\u017cacji. Dekor w kolorze naturalnego d\u0119bu ociepla przestrze\u0144 i wnosi ponadczasow\u0105 harmoni\u0119. Prosta, architektoniczna forma sprawia, \u017ce konsola nie dominuje wn\u0119trza \u2013 porz\u0105dkuje je i subtelnie podkre\u015bla jego charakter. Mo\u017ce pe\u0142ni\u0107 funkcj\u0119 konsoli do przedpokoju, lekkiej toaletki, p\u00f3\u0142ki pod lustro lub minimalistycznej p\u00f3\u0142ki dekoracyjnej. Doskonale wpisuje si\u0119 w stylistyk\u0119 japandi, modern, soft loft oraz wn\u0119trza minimalistyczne.<\/p>\n<p>Tworzona w Polsce, z dba\u0142o\u015bci\u0105 o detal i trwa\u0142o\u015b\u0107. To \u015bwiadomy wyb\u00f3r jako\u015bci i designu, kt\u00f3ry nie podlega chwilowym trendom.<\/p>\n<p>Konsola dostarczana jest w ca\u0142o\u015bci \u2013 gotowa do monta\u017cu na \u015bcianie.<\/p>\n<hr \/>\n<h4>Wymiary:<\/h4>\n<p>Szeroko\u015b\u0107: 120 cm<br \/>\nG\u0142\u0119boko\u015b\u0107: 40 cm<br \/>\nWysoko\u015b\u0107: 92 cm *<\/p>\n<hr \/>\n<h4>Materia\u0142y:<\/h4>\n<p>Korpus i fronty: p\u0142yta laminowana 18 mm (D\u0105b S\u0142awonia **)<br \/>\nObrze\u017ca: PCV 1 mm<\/p>\n<hr \/>\n<h4>Informacje:<\/h4>\n<p>Produkt dost\u0119pny wy\u0142\u0105cznie w prezentowanej konfiguracji<br \/>\nProdukt mocowany do \u015bciany\u00a0<br data-start=\"947\" data-end=\"950\" \/>Darmowa dostawa do pierwszych drzwi (bez wniesienia)<br data-start=\"947\" data-end=\"950\" \/>Gwarancja: 24 miesi\u0105ce<\/p>\n<hr data-start=\"1256\" data-end=\"1259\" \/>\n<p data-start=\"1261\" data-end=\"1327\">* Mo\u017cliwa r\u00f3\u017cnica \u00b12 cm<br data-start=\"947\" data-end=\"950\" \/>** Kolor mo\u017ce si\u0119 r\u00f3\u017cni\u0107 w zale\u017cno\u015bci od ustawie\u0144 monitora<\/p>\n<hr data-start=\"1256\" data-end=\"1259\" \/>\n<h4 data-start=\"1261\" data-end=\"1327\">Masz pytania? Skontaktuj si\u0119 z nami.<\/h4>\n<p>&nbsp;<\/p>\n","protected":false},"excerpt":{"rendered":"<p>Konsola Seoul \u2013 design inspirowany filozofi\u0105 less is more.<\/p>\n","protected":false},"featured_media":23976,"template":"","meta":{"inline_featured_image":false},"wpc-collection":[],"product_cat":[84,90,210,80,79,82],"product_tag":[213,132,165,248,207,125,108,120,247],"class_list":{"0":"post-23975","1":"product","2":"type-product","3":"status-publish","4":"has-post-thumbnail","6":"product_brand-seoul","7":"product_cat-gabinet","8":"product_cat-konsole","9":"product_cat-nowosc","10":"product_cat-przedpokoj","11":"product_cat-salon","12":"product_cat-sypialnia","13":"product_tag-dab","14":"product_tag-konsola","15":"product_tag-konsola-do-przedpokoju","16":"product_tag-konsola-seoul","17":"product_tag-polka-na-ksiazki","18":"product_tag-polki","19":"product_tag-regal","20":"product_tag-salon","21":"product_tag-seoul","22":"product_shipping_class-wysylka-w-7-14-dni","24":"first","25":"instock","26":"taxable","27":"shipping-taxable","28":"purchasable","29":"product-type-simple"},"jetpack_sharing_enabled":true,"_links":{"self":[{"href":"https:\/\/www.4livinghome.com\/index.php\/wp-json\/wp\/v2\/product\/23975","targetHints":{"allow":["GET"]}}],"collection":[{"href":"https:\/\/www.4livinghome.com\/index.php\/wp-json\/wp\/v2\/product"}],"about":[{"href":"https:\/\/www.4livinghome.com\/index.php\/wp-json\/wp\/v2\/types\/product"}],"version-history":[{"count":10,"href":"https:\/\/www.4livinghome.com\/index.php\/wp-json\/wp\/v2\/product\/23975\/revisions"}],"predecessor-version":[{"id":24629,"href":"https:\/\/www.4livinghome.com\/index.php\/wp-json\/wp\/v2\/product\/23975\/revisions\/24629"}],"wp:featuredmedia":[{"embeddable":true,"href":"https:\/\/www.4livinghome.com\/index.php\/wp-json\/wp\/v2\/media\/23976"}],"wp:attachment":[{"href":"https:\/\/www.4livinghome.com\/index.php\/wp-json\/wp\/v2\/media?parent=23975"}],"wp:term":[{"taxonomy":"wpc-collection","embeddable":true,"href":"https:\/\/www.4livinghome.com\/index.php\/wp-json\/wp\/v2\/wpc-collection?post=23975"},{"taxonomy":"product_cat","embeddable":true,"href":"https:\/\/www.4livinghome.com\/index.php\/wp-json\/wp\/v2\/product_cat?post=23975"},{"taxonomy":"product_tag","embeddable":true,"href":"https:\/\/www.4livinghome.com\/index.php\/wp-json\/wp\/v2\/product_tag?post=23975"}],"curies":[{"name":"wp","href":"https:\/\/api.w.org\/{rel}","templated":true}]}}